{"id":268,"date":"2024-02-21T15:20:13","date_gmt":"2024-02-21T15:20:13","guid":{"rendered":"https:\/\/www.rauniory.fi\/?page_id=268"},"modified":"2026-02-09T11:21:57","modified_gmt":"2026-02-09T11:21:57","slug":"yhdistyksen-saannot","status":"publish","type":"page","link":"https:\/\/www.rauniory.fi\/?page_id=268","title":{"rendered":"Yhdistyksen s\u00e4\u00e4nn\u00f6t"},"content":{"rendered":"<p><strong>1 \u00a7 Yhdistyksen nimi ja kotipaikka<\/strong><\/p>\n<p>Yhdistyksen nimi on Rauman Insin\u00f6\u00f6riopiskelijat RaunIO ry, jota kutsutaan n\u00e4iss\u00e4 s\u00e4\u00e4nn\u00f6iss\u00e4 yhdistykseksi. Yhdistyksen kotipaikkakunta on Rauma.<\/p>\n<p><strong>2 \u00a7 Yhdistyksen tarkoitus<\/strong><\/p>\n<p>Yhdistyksen tarkoituksena on j\u00e4senist\u00f6ns\u00e4 henkisten, ammatillisten, yhteiskunnallisten sek\u00e4 muiden vastaavien yhteisten etujen ajaminen, toimia tiedonv\u00e4litt\u00e4j\u00e4n\u00e4 Insin\u00f6\u00f6riopiskelijaliitto IOL ry:n (jatkossa IOL ry) ja yhdistyksen j\u00e4senien v\u00e4lill\u00e4 opiskelijoiden sosiaalisten olosuhteiden ja oikeusturvan edunvalvonta ja parantaminen sek\u00e4 koulutuspoliittisen toiminnan edist\u00e4minen<\/p>\n<p><strong>3 \u00a7 Tarkoituksen toteuttaminen<\/strong><\/p>\n<p>Yhdistys toimii Insin\u00f6\u00f6riliitto IL ry:n (jatkossa IL ry) alaisen IOL ry:n paikallisyhdistyksen\u00e4 sek\u00e4 yhteisty\u00f6ss\u00e4 sidosryhmien kanssa tarkoituksensa toteuttamiseksi yhdistys toimii j\u00e4sentens\u00e4 etujen ajamiseksi, harjoittaa koulutus- ja julkaisutoimintaa, j\u00e4rjest\u00e4\u00e4 j\u00e4seni\u00e4\u00e4n yhdist\u00e4vi\u00e4 tilaisuuksia, tiedottaa toiminnastaan j\u00e4senist\u00f6lleen, kannustaa j\u00e4senist\u00f6\u00e4\u00e4n osallistumaan koulutus- ja neuvottelutilaisuuksiin, pit\u00e4\u00e4 yll\u00e4 ja kehitt\u00e4\u00e4 insin\u00f6\u00f6riopiskelijakulttuuria<\/p>\n<p><strong>4 \u00a7 Toiminnan tukeminen<\/strong><\/p>\n<p>Toimintansa tukemiseksi yhdistys on oikeutettu omistamaan ja harjoittamaan yhdistyslain 5\u00a7 mukaista ansiotoimintaa, perustamaan rahastoja, ottamaan vastaan avustuksia, lahjoituksia ja testamentteja, asianomaisella luvalla j\u00e4rjest\u00e4m\u00e4\u00e4n ker\u00e4yksi\u00e4, arpajaisia sek\u00e4 juhla- ja huvitilaisuuksia, harjoittamaan kustannus- ja julkaisutoimintaa, omistamaan toimintaansa varten tarpeellisia kiinteist\u00f6j\u00e4 ja arvopapereita<\/p>\n<p><strong>5 \u00a7 Varsinaiset j\u00e4senet<\/strong><\/p>\n<p>Yhdistyksen varsinaisiksi j\u00e4seniksi voivat kuulua Satakunnan ammattikorkeakoulussa insin\u00f6\u00f6ri- tai rakennusmestari -tutkintoa opiskelevat, jotka hyv\u00e4ksyv\u00e4t yhdistyksen tarkoituksen ja sitoutuvat noudattamaan sen s\u00e4\u00e4nt\u00f6j\u00e4 sek\u00e4 p\u00e4\u00e4tt\u00e4vien elinten p\u00e4\u00e4t\u00f6ksi\u00e4 ja jotka yhdistyksen hallitus j\u00e4senikseen hyv\u00e4ksyy.<br \/>\n<strong>Kunnia- ja kannattajaj\u00e4senet:<\/strong><br \/>\nYhdistykseen voi kuulua my\u00f6s kunnia- ja kannattajaj\u00e4seni\u00e4. Kunniaj\u00e4seniksi voidaan kutsua hallituksen esityksest\u00e4 yhdistyksen kokouksen p\u00e4\u00e4t\u00f6ksell\u00e4 henkil\u00f6it\u00e4, jotka ovat ansiokkaalla tavalla edist\u00e4neet yhdistyksen tarkoitusperi\u00e4. Kunniaj\u00e4senilt\u00e4 ei perit\u00e4 j\u00e4senmaksua. Kannattajaj\u00e4seniksi voivat liitty\u00e4 yksityiset kansalaiset ja oikeuskelpoiset yhteis\u00f6t jotka hallitus kannattajaj\u00e4seniksi hyv\u00e4ksyy ja jotka maksavat yhdistyksen kokouksen m\u00e4\u00e4r\u00e4\u00e4m\u00e4n kannattajaj\u00e4senmaksun.<\/p>\n<p><strong>6 \u00a7 J\u00e4senvelvollisuudet ja -oikeudet<\/strong><\/p>\n<p>Kunkin j\u00e4senen tulee noudattaa yhdistyksen s\u00e4\u00e4nt\u00f6j\u00e4 ja p\u00e4\u00e4tt\u00e4vien elinten p\u00e4\u00e4t\u00f6ksi\u00e4, suorittaa kunnia- ja kannattajaj\u00e4sent\u00e4 lukuun ottamatta IOL ry:n liittokokouksen m\u00e4\u00e4r\u00e4\u00e4m\u00e4 j\u00e4senmaksu, kannattajaj\u00e4senen tulee suorittaa yhdistyksen m\u00e4\u00e4r\u00e4\u00e4m\u00e4 kannattajaj\u00e4senmaksu. Varsinaisella j\u00e4senell\u00e4 on l\u00e4sn\u00e4olo-, puhe ja \u00e4\u00e4nioikeus yhdistyksen kokouksissa. Kunnia- ja kannattajaj\u00e4senill\u00e4 on l\u00e4sn\u00e4olo- ja puheoikeus, mutta ei \u00e4\u00e4nioikeutta yhdistyksen kokouksissa.<\/p>\n<p><strong>7 \u00a7 J\u00e4senen eroaminen yhdistyksest\u00e4<\/strong><\/p>\n<p>J\u00e4sen voi erota yhdistyksen j\u00e4senyydest\u00e4 ilmoittamalla siit\u00e4 kirjallisesti yhdistyksen hallitukselle tai sen puheenjohtajalle tai ilmoittamalla erosta yhdistyksen kokouksessa p\u00f6yt\u00e4kirjaan merkitt\u00e4v\u00e4ksi.<\/p>\n<p><strong>8 \u00a7 J\u00e4senen erottaminen<\/strong><\/p>\n<p>Hallitus voi erottaa j\u00e4senen yhdistyksest\u00e4, jos j\u00e4sen on j\u00e4tt\u00e4nyt t\u00e4ytt\u00e4m\u00e4tt\u00e4 ne velvoitukset, joihin h\u00e4n on yhdistykseen liittym\u00e4ll\u00e4 sitoutunut tai on menettelyll\u00e4\u00e4n yhdistyksess\u00e4 tai sen ulkopuolella huomattavasti vahingoittanut yhdistyst\u00e4 tai ei en\u00e4\u00e4 t\u00e4yt\u00e4 laissa taikka yhdistyksen s\u00e4\u00e4nn\u00f6iss\u00e4 mainittuja j\u00e4senyyden ehtoja.<\/p>\n<p><strong>9 \u00a7 Yhdistyksen kokous<\/strong><\/p>\n<p>Hallitus kutsuu yhdistyksen kokouksen koolle tarvittaessa, v\u00e4hint\u00e4\u00e4n s\u00e4\u00e4nt\u00f6m\u00e4\u00e4r\u00e4iseen kev\u00e4t- ja syyskokoukseen. Yhdistyksen kokous kutsutaan koolle ilmoittamalla siit\u00e4 yhdistyksen ilmoitustaululla v\u00e4hint\u00e4\u00e4n kaksi viikkoa ennen kokousta. Yhdistyksen kev\u00e4tkokous on pidett\u00e4v\u00e4 toukokuun loppuun menness\u00e4.<br \/>\n<strong>Kev\u00e4tkokouksessa on k\u00e4sitelt\u00e4v\u00e4 ainakin seuraavat asiat:<\/strong><br \/>\nEsitet\u00e4\u00e4n yhdistyksen toimintakertomus ja tilit edelliselt\u00e4 kalenterivuodelta sek\u00e4 tilintarkastuskertomus, p\u00e4\u00e4tet\u00e4\u00e4n tilinp\u00e4\u00e4t\u00f6ksen vahvistamisesta ja vastuuvapauden my\u00f6nt\u00e4misest\u00e4.<br \/>\nYhdistyksen syyskokous on pidett\u00e4v\u00e4 marraskuun loppuun menness\u00e4.<br \/>\n<strong>Syyskokouksessa on k\u00e4sitelt\u00e4v\u00e4 ainakin seuraavat asiat:<\/strong><br \/>\nValitaan hallituksen puheenjohtaja, varapuheenjohtaja, rahastonhoitaja ja sihteeri, valitaan hallituksen muut j\u00e4senet, m\u00e4\u00e4r\u00e4t\u00e4\u00e4n j\u00e4senmaksun suuruus erikseen kullekkin j\u00e4senryhm\u00e4lle, valitaan toiminnantarkastaja ja yksi varatoiminnantarkastaja, vahvistetaan yhdistyksen toimintasuunnitelma ja talousarvio.<\/p>\n<p>Ylim\u00e4\u00e4r\u00e4inen yhdistyksen kokous on kutsuttava koolle milloin hallitus katsoo sen tarpeelliseksi, milloin yhdistyksen kokous niin p\u00e4\u00e4tt\u00e4\u00e4 tai jos yksi kymmenesosaa (1\/10) \u00e4\u00e4nioikeutetuista j\u00e4senist\u00e4 sit\u00e4 kirjallisesti hallitukselta vaatii tietyn asian k\u00e4sittely\u00e4 varten. Kokouksien virallinen kieli on suomi ja yhdistyksen dokumentit laaditaan suomeksi. Yhdistyksen tilaisuuksissa \u00e4\u00e4nestysoikeus on l\u00e4sn\u00e4 olevilla, j\u00e4senmaksunsa suorittaneilla j\u00e4senill\u00e4 ja kullakin \u00e4\u00e4nioikeutetulla on yksi \u00e4\u00e4ni.<br \/>\nYhdistyksen kokous valitsee yhdistyksen hallituksen.<\/p>\n<p><strong>10 \u00a7 Yhdistyksen hallitus<\/strong><\/p>\n<p>Yhdistyksen hallituksen muodostavat syyskokouksen valitsemat puheenjohtajat, varapuheenjohtaja, rahastonhoitaja ja sihteeri, sek\u00e4 0-10 j\u00e4sent\u00e4. Hallitus toimeenpanee yhdistyksen kokouksen p\u00e4\u00e4t\u00f6kset, hoitaa yhdistyksen asioita sek\u00e4 kantaa ja vastaa yhdistyksen puolesta. Hallitus valitsee yhdistyksen muut toimihenkil\u00f6t. Hallitus huolehtii yhdistyksen tilit tarkastettaviksi helmikuun loppuun menness\u00e4. Yhdistyksen tilikausi on kalenterivuosi. Toiminnantarkastajan on annettava tarkastuskertomuksensa huhtikuun 30. p\u00e4iv\u00e4\u00e4n menness\u00e4. Hallitus on p\u00e4\u00e4t\u00f6svaltainen, kun puheenjohtaja tai h\u00e4nen estyneen\u00e4 ollessaan varapuheenjohtaja ja v\u00e4hint\u00e4\u00e4n puolet j\u00e4senist\u00e4 on paikalla. Yhdistyksen nimen kirjoittavat puheenjohtaja, varapuheenjohtaja, rahastonhoitaja ja hallituksen nimenkirjoittajiksi valitsemat henkil\u00f6t kaksi (2) aina yhdess\u00e4. Hallituksen toimikausi on kalenterivuosi.<\/p>\n<p><strong>11 \u00a7 IL ry:n ja IOL ry:n oikeudet<\/strong><\/p>\n<p>IOL ry:lle annetaan toiminnantarkastusoikeudet. IL ry:n ty\u00f6ntekij\u00f6ill\u00e4 on l\u00e4sn\u00e4olo- ja puheoikeus kaikissa hallituksen tilaisuuksissa, mutta ei \u00e4\u00e4nioikeutta. IOL ry:n hallituksen j\u00e4senill\u00e4, on l\u00e4sn\u00e4olo- ja puheoikeus kaikissa yhdistyksen tilaisuuksissa, mutta ei \u00e4\u00e4nioikeutta. IOL ry:lle l\u00e4hetet\u00e4\u00e4n tiedoksi yhdistyksen kokousten p\u00f6yt\u00e4kirjat.<\/p>\n<p><strong>12 \u00a7 S\u00e4\u00e4nt\u00f6jen muuttaminen<\/strong><\/p>\n<p>S\u00e4\u00e4nt\u00f6jen muuttaminen on hyv\u00e4ksytt\u00e4v\u00e4 kahdessa (2) per\u00e4kk\u00e4isess\u00e4 yhdistyksen kokouksessa kahden kolmasosan (2\/3) enemmist\u00f6ll\u00e4. Yhdistyksen kokousten v\u00e4li tulee olla v\u00e4hint\u00e4\u00e4n 30 p\u00e4iv\u00e4\u00e4 ja vain toinen kokous saa olla yhdistyksen ylim\u00e4\u00e4r\u00e4inen kokous. S\u00e4\u00e4nt\u00f6muutos on alistettava aina IOL ry:n hallituksen vahvistettavaksi.<\/p>\n<p><strong>13 \u00a7 Yhdistyksen purkaminen<\/strong><\/p>\n<p>Yhdistyksen kokouksen on viiden kuudesosan (5\/6) enemmist\u00f6ll\u00e4 p\u00e4\u00e4tett\u00e4v\u00e4 yhdistyksen purkamisesta kahdessa (2) kokouksessa. Kokousten v\u00e4li pit\u00e4\u00e4 olla v\u00e4hint\u00e4\u00e4n 30 p\u00e4iv\u00e4\u00e4 ja vain toinen kokous saa olla yhdistyksen ylim\u00e4\u00e4r\u00e4inen kokous. Yhdistyksen purkamisen yhteydess\u00e4 varat on luovutettava IOL ry:lle, joka huolehtii, ett\u00e4 varat ohjataan yhdistyksen tarkoituksen mukaisesti tai sellaiselle oikeuskelpoiselle yhteis\u00f6lle, joka ajaa yhdistyksen tarkoitusperi\u00e4 tukevaa toimintaa.<\/p>\n<p>&nbsp;<\/p>\n<p>(Viimeksi p\u00e4ivitetty 26.07.2017)<\/p>\n","protected":false},"excerpt":{"rendered":"<p>1 \u00a7 Yhdistyksen nimi ja kotipaikka Yhdistyksen nimi on Rauman Insin\u00f6\u00f6riopiskelijat RaunIO ry, jota kutsutaan n\u00e4iss\u00e4 s\u00e4\u00e4nn\u00f6iss\u00e4 yhdistykseksi. Yhdistyksen kotipaikkakunta on Rauma. 2 \u00a7 Yhdistyksen<\/p>\n","protected":false},"author":1,"featured_media":0,"parent":0,"menu_order":6,"comment_status":"closed","ping_status":"closed","template":"","meta":{"footnotes":""},"class_list":["post-268","page","type-page","status-publish","hentry"],"_links":{"self":[{"href":"https:\/\/www.rauniory.fi\/index.php?rest_route=\/wp\/v2\/pages\/268","targetHints":{"allow":["GET"]}}],"collection":[{"href":"https:\/\/www.rauniory.fi\/index.php?rest_route=\/wp\/v2\/pages"}],"about":[{"href":"https:\/\/www.rauniory.fi\/index.php?rest_route=\/wp\/v2\/types\/page"}],"author":[{"embeddable":true,"href":"https:\/\/www.rauniory.fi\/index.php?rest_route=\/wp\/v2\/users\/1"}],"replies":[{"embeddable":true,"href":"https:\/\/www.rauniory.fi\/index.php?rest_route=%2Fwp%2Fv2%2Fcomments&post=268"}],"version-history":[{"count":9,"href":"https:\/\/www.rauniory.fi\/index.php?rest_route=\/wp\/v2\/pages\/268\/revisions"}],"predecessor-version":[{"id":650,"href":"https:\/\/www.rauniory.fi\/index.php?rest_route=\/wp\/v2\/pages\/268\/revisions\/650"}],"wp:attachment":[{"href":"https:\/\/www.rauniory.fi\/index.php?rest_route=%2Fwp%2Fv2%2Fmedia&parent=268"}],"curies":[{"name":"wp","href":"https:\/\/api.w.org\/{rel}","templated":true}]}}